f 12954073.
11, 41, 28723
List the prime factors of 2492806581.
3, 59, 4694551
List the prime factors of 209617731.
3, 79, 294821
What are the prime factors of 325559018?
2, 733, 222073
What are the prime factors of 981875621?
981875621
List the prime factors of 10689118.
2, 11, 563, 863
What are the prime factors of 38204967?
3, 17, 101, 7417
List the prime factors of 243739579.
23, 457, 23189
List the prime factors of 109753477.
1129, 97213
What are the prime factors of 85579727?
163, 525029
What are the prime factors of 2340135820?
2, 5, 11, 191, 55691
List the prime factors of 75225102.
2, 3, 17, 737501
What are the prime factors of 265320331?
265320331
List the prime factors of 74509128.
2, 3, 1034849
List the prime factors of 100347395.
5, 29, 692051
List the prime factors of 45909833.
19, 2416307
What are the prime factors of 856755329?
856755329
List the prime factors of 26215007.
7, 13, 288077
What are the prime factors of 26114598?
2, 3, 677, 2143
What are the prime factors of 3274849655?
5, 7, 11, 17, 157, 3187
What are the prime factors of 234685162?
2, 1523, 77047
List the prime factors of 1572724770.
2, 3, 5, 52424159
What are the prime factors of 134700345?
3, 5, 13, 230257
List the prime factors of 47855654.
2, 7, 11, 103, 431
List the prime factors of 115745853.
3, 19, 61, 33289
List the prime factors of 516635801.
11, 31, 59, 25679
List the prime factors of 2671831909.
199, 13426291
What are the prime factors of 689529381?
3, 43, 5345189
What are the prime factors of 101421799?
751, 135049
What are the prime factors of 1522053251?
863, 1763677
What are the prime factors of 2336576431?
7, 333796633
List the prime factors of 3346544490.
2, 3, 5, 157, 710519
List the prime factors of 10411911.
3, 37, 31267
List the prime factors of 1401227.
37, 37871
What are the prime factors of 1971320257?
1971320257
List the prime factors of 4428222429.
3, 1476074143
List the prime factors of 950552504.
2, 11, 31, 348443
What are the prime factors of 835093053?
3, 92788117
List the prime factors of 299936867.
479, 626173
List the prime factors of 516306892.
2, 7829, 16487
List the prime factors of 1309258823.
1309258823
List the prime factors of 329882628.
2, 3, 131, 173, 1213
List the prime factors of 4951191.
3, 7, 19, 12409
What are the prime factors of 614028428?
2, 13, 409, 28871
List the prime factors of 3717015438.
2, 3, 619502573
What are the prime factors of 74033980?
2, 5, 17, 217747
List the prime factors of 1219475283.
3, 13, 31268597
List the prime factors of 570488218.
2, 509, 691, 811
What are the prime factors of 206205416?
2, 197, 130841
List the prime factors of 81375506.
2, 37, 1099669
What are the prime factors of 4190871978?
2, 3, 3559, 65419
What are the prime factors of 1399874283?
3, 29, 5363503
List the prime factors of 1102595593.
11, 19, 5275577
List the prime factors of 1622219148.
2, 3, 11, 4096513
What are the prime factors of 2504765744?
2, 13, 19, 633797
What are the prime factors of 46259457?
3, 15419819
List the prime factors of 2533410752.
2, 19, 107, 19471
List the prime factors of 584698559.
191, 3061249
List the prime factors of 143494955.
5, 28698991
List the prime factors of 129153192.
2, 3, 7, 31, 24799
What are the prime factors of 1265278978?
2, 632639489
List the prime factors of 58551759.
3, 7, 929393
List the prime factors of 2086370335.
5, 7, 19, 3137399
List the prime factors of 410021078.
2, 205010539
What are the prime factors of 79676146?
2, 11, 3621643
What are the prime factors of 100409889?
3, 19, 89, 19793
What are the prime factors of 20928846?
2, 3, 3488141
List the prime factors of 23571980.
2, 5, 157, 7507
What are the prime factors of 1430360929?
2087, 685367
What are the prime factors of 288042651?
3, 13, 53, 46451
What are the prime factors of 750695409?
3, 59, 83, 17033
List the prime factors of 382702814.
2, 13, 14719339
What are the prime factors of 572142596?
2, 143035649
List the prime factors of 7423075214.
2, 3711537607
What are the prime factors of 3403547162?
2, 11261, 151121
List the prime factors of 36350131.
17, 73, 1723
List the prime factors of 1164877835.
5, 11, 89, 237973
What are the prime factors of 82837495?
5, 13, 1274423
List the prime factors of 3918367.
59, 66413
What are the prime factors of 427849592?
2, 59, 906461
What are the prime factors of 27417?
3, 13, 19, 37
What are the prime factors of 2233543590?
2, 3, 5, 24817151
What are the prime factors of 113519514?
2, 3, 29, 652411
List the prime factors of 2648450749.
7, 378350107
List the prime factors of 93070146.
2, 3, 13, 43, 27749
List the prime factors of 49539995.
5, 101, 263, 373
List the prime factors of 125244814.
2, 17, 3683671
What are the prime factors of 440676536?
2, 79, 109, 6397
What are the prime factors of 1856368608?
2, 3, 19337173
List the prime factors of 382919021.
61, 6277361
What are the prime factors of 2545497046?
2, 9311, 136693
What are the prime factors of 5800325?
5, 232013
What are the prime factors of 119444711?
119444711
What are the prime factors of 85574377?
7, 37, 139, 2377
What are the prime factors of 217489984?
2, 1619, 2099
What are the prime factors of 372856296?
2, 3, 41, 378919
List the prime factors of 895673523.
3, 298557841
What are the prime factors of 34321801?
97, 353833
What are the prime factors of 235948591?
235948591
What are the prime factors of 1260350781?
3, 420116927
List the prime factors of 3387937.
7, 483991
List the prime factors of 5834613142.
2, 457, 6383603
List the prime factors of 2576314918.
2, 19, 67797761
List the prime factors of 5485940.
2, 5, 43, 6379
What are the prime factors of 262611257?
17, 67, 230563
What are the prime factors of 107334879?
3, 251, 142543
What are the prime factors of 2652323071?
131, 3169, 6389
What are the prime factors of 4264393?
7, 609199
What are the prime factors of 37296923?
383, 97381
List the prime factors of 1734637838.
2, 7177, 120847
List the prime factors of 1721502.
2, 3, 59, 1621
What are the prime factors of 137860323?
3, 3203, 14347
List the prime factors of 267939005.
5, 193, 277657
What are the prime factors of 35974050?
2, 3, 5, 7, 34261
List the prime factors of 570985997.
89, 137, 46829
List the prime factors of 781371985.
5, 23, 6794539
List the prime factors of 102122093.
19, 23, 233689
List the prime factors of 90901889.
13, 31, 17351
List the prime factors of 54550130.
2, 5, 461, 11833
What are the prime factors of 14727490?
2, 5, 173, 8513
List the prime factors of 40289814.
2, 3, 2238323
What are the prime factors of 115494397?
115494397
What are the prime factors of 5567586895?
5, 13, 29, 43, 149, 461
List the prime factors of 5639405182.
2, 71, 4127, 9623
List the prime factors of 419351118.
2, 3, 37, 79, 23911
What are the prime factors of 31787205?
3, 5, 2119147
What are the prime factors of 881113413?
3, 239, 1228889
List the prime factors of 9212733.
3, 239, 4283
What are the prime factors of 878877851?
19, 46256729
List the prime factors of 653546720.
2, 5, 4084667
List the prime factors of 24140551.
24140551
List the prime factors of 1484708134.
2, 7, 13, 487, 2393
What are the prime factors of 233419738?
2, 43, 53, 83, 617
What are the prime factors of 361902676?
2, 107, 845567
List the prime factors of 41227737.
3, 17, 31, 89, 293
What are the prime factors of 140712906?
2, 3, 31, 313, 2417
What are the prime factors of 96976393?
1949, 49757
List the prime factors of 95351059.
95351059
What are the prime factors of 94289946?
2, 3, 15714991
List the prime factors of 864969553.
7, 43, 313, 9181
List the prime factors of 3414572121.
3, 37, 67, 12409
What are the prime factors of 161043403?
161043403
What are the prime factors of 38277766?
2, 53, 361111
What are the prime factors of 47644460?
2, 5, 41, 97, 599
List the prime factors of 4455791396.
2, 7, 159135407
List the prime factors of 703940566.
2, 7, 7183067
List the prime factors of 1653888142.
2, 17431, 47441
List the prime factors of 926049120.
2, 3, 5, 547, 3527
What are the prime factors of 29882503?
7, 87121
List the prime factors of 189693139.
189693139
What are the prime factors of 445909824?
2, 3, 774149
List the prime factors of 127199957.
89, 571, 2503
List the prime factors of 272101617.
3, 167, 181039
List